ite number?
False
Is 142529 prime?
True
Is 70622 prime?
False
Is 4201 prime?
True
Is 135599 prime?
True
Is 59181 prime?
False
Is 8657 prime?
False
Is 2047 prime?
False
Is 358997 a composite number?
True
Is 1135387 prime?
False
Is 82573 a composite number?
True
Is 1745 composite?
True
Is 16663 a prime number?
False
Is 36889 composite?
True
Is 78607 a prime number?
True
Is 150269 composite?
True
Is 159833 composite?
False
Is 18947 composite?
False
Is 11731 a prime number?
True
Is 2237 prime?
True
Is 260971 a composite number?
True
Is 631 prime?
True
Is 9019 a composite number?
True
Is 7985 prime?
False
Is 575753 a composite number?
False
Is 606017 composite?
False
Is 412955 prime?
False
Is 444229 a prime number?
False
Is 631 prime?
True
Is 2751449 composite?
False
Is 34807 prime?
True
Is 30617 composite?
True
Is 37703 a composite number?
True
Is 14131 composite?
True
Is 40249 a composite number?
True
Is 79657 a composite number?
False
Is 228409 prime?
True
Is 2579 a composite number?
False
Is 76931 composite?
True
Is 14029 prime?
True
Is 2026 a composite number?
True
Is 43427 prime?
True
Is 14566 a prime number?
False
Is 199853 a composite number?
False
Is 62831 composite?
True
Is 38297 a composite number?
True
Is 24953 prime?
True
Is 108802 composite?
True
Is 666745 a prime number?
False
Is 3547 composite?
False
Is 829019 composite?
True
Is 1190209 prime?
False
Is 101521 a composite number?
True
Is 12877 prime?
False
Is 4931 a prime number?
True
Is 6599 a prime number?
True
Is 494341 composite?
False
Is 333681 prime?
False
Is 137857 prime?
False
Is 15661 a prime number?
True
Is 168803 prime?
True
Is 28499 a composite number?
False
Is 541 a composite number?
False
Is 198127 a composite number?
False
Is 34217 prime?
True
Is 200897 prime?
False
Is 166373 a prime number?
False
Is 44951 composite?
True
Is 1324601 composite?
True
Is 163759 a prime number?
False
Is 303877 a prime number?
False
Is 272081 composite?
True
Is 459005 a composite number?
True
Is 66791 a composite number?
False
Is 951 composite?
True
Is 293015 composite?
True
Is 211859 composite?
False
Is 2053 a composite number?
False
Is 31439 a composite number?
True
Is 5063 a prime number?
False
Is 30341 a composite number?
False
Is 23719 prime?
True
Is 545761 prime?
False
Is 18353 composite?
False
Is 1089961 a composite number?
False
Is 16619 composite?
False
Is 646343 a composite number?
True
Is 101009 a prime number?
True
Is 193357 a prime number?
True
Is 40769 a prime number?
False
Is 1657 a composite number?
False
Is 5758 composite?
True
Is 2633 a composite number?
False
Is 42505 composite?
True
Is 196939 prime?
False
Is 106853 prime?
True
Is 32531 composite?
False
Is 247147 prime?
False
Is 12037 composite?
False
Is 462097 a prime number?
True
Is 54523 a prime number?
False
Is 42157 a prime number?
True
Is 11459 composite?
True
Is 280409 a prime number?
True
Is 2229881 a composite number?
True
Is 1181881 composite?
False
Is 9131 a prime number?
False
Is 588229 a prime number?
True
Is 10042 prime?
False
Is 771961 composite?
False
Is 4271 prime?
True
Is 10211 composite?
False
Is 26737 composite?
False
Is 63694 composite?
True
Is 555823 composite?
False
Is 12853 composite?
False
Is 14069 a composite number?
True
Is 5099 prime?
True
Is 356869 composite?
False
Is 89277 prime?
False
Is 723946 prime?
False
Is 3006695 composite?
True
Is 21143 a prime number?
True
Is 164617 a prime number?
True
Is 31 composite?
False
Is 174299 a prime number?
True
Is 136897 composite?
False
Is 113263 a composite number?
True
Is 965 prime?
False
Is 158729 composite?
True
Is 91337 prime?
False
Is 4487 a prime number?
False
Is 81119 composite?
False
Is 1059 composite?
True
Is 38353 prime?
False
Is 29119 composite?
True
Is 12509 prime?
False
Is 1657 composite?
False
Is 13669 prime?
True
Is 15541 a composite number?
False
Is 105251 a composite number?
False
Is 1749769 a prime number?
False
Is 76997 composite?
True
Is 147137 a composite number?
False
Is 5839 prime?
True
Is 5873 prime?
False
Is 20707 a composite number?
False
Is 869 prime?
False
Is 108587 a composite number?
False
Is 37357 composite?
False
Is 621421 prime?
False
Is 197489 prime?
False
Is 180841 prime?
False
Is 59093 prime?
True
Is 1664131 a composite number?
True
Is 4253 prime?
True
Is 4299467 a composite number?
False
Is 63839 a composite number?
False
Is 50621 composite?
True
Is 926759 composite?
True
Is 211 prime?
True
Is 9103 composite?
False
Is 9874 composite?
True
Is 6803 prime?
True
Is 4559 a prime number?
False
Is 74353 prime?
True
Is 23423 composite?
True
Is 1468859 a prime number?
False
Is 21433 composite?
False
Is 64319 a prime number?
True
Is 2707067 composite?
True
Is 296663 prime?
True
Is 47015 composite?
True
Is 484337 composite?
True
Is 11105 a prime number?
False
Is 15073 a composite number?
False
Is 45529 composite?
True
Is 28849 a composite number?
True
Is 7411 a prime number?
True
Is 1379522 composite?
True
Is 21089 composite?
False
Is 52489 a composite number?
False
Is 599477 prime?
True
Is 40459 a prime number?
True
Is 661849 prime?
True
Is 1213 a composite number?
False
Is 482569 composite?
False
Is 103067 a prime number?
True
Is 518849 composite?
True
Is 132589 composite?
False
Is 2897 prime?
True
Is 222751 prime?
False
Is 11351 a prime number?
True
Is 2084831 composite?
True
Is 454657 prime?
False
Is 113345 composite?
True
Is 78827 prime?
False
Is 152501 composite?
False
Is 99853 prime?
False
Is 118511 a prime number?
False
Is 33961 prime?
True
Is 41369 a prime number?
False
Is 699253 prime?
True
Is 17002 a prime number?
False
Is 733269 a composite number?
True
Is 74747 a composite number?
False
Is 58889 composite?
False
Is 8513 a composite number?
False
Is 19661 prime?
True
Is 689183 prime?
False
Is 30473 a prime number?
False
Is 184607 composite?
False
Is 1037171 a composite number?
True
Is 32177 a composite number?
True
Is 7379 prime?
False
Is 7883 a prime number?
True
Is 28591 a prime number?
True
Is 3449 composite?
False
Is 2147 a composite number?
True
Is 87299 prime?
True
Is 976777 a prime number?
True
Is 7121 a composite number?
False
Is 3587 a composite number?
True
Is 1267059 composite?
True
Is 2153903 composite?
False
Is 35243 composite?
True
Is 183081 composite?
True
Is 8939 composite?
True
Is 233549 composite?
False
Is 224101 prime?
True
Is 3271 a composite number?
False
Is 50387 a composite number?
False
Is 18283 a prime number?
False
Is 2130965 a prime number?
False
Is 27437 prime?
True
Is 34477 a composite number?
True
Is 499 composite?
False
Is 76757 a composite number?
False
Is 749 a prime number?
False
Is 4193 a prime number?
False
Is 9967 composite?
False
Is 30241 a prime number?
True
Is 11782741 composite?
False
Is 104453 prime?
False
Is 57059 a prime number?
True
Is 428821 a prime number?
False
Is 3109 a composite number?
False
Is 33827 a composite number?
False
Is 5261 prime?
True
Is 1546537 composite?
False
Is 995833 composite?
False
Is 128866 prime?
False
Is 13483 a prime number?
False
Is 108326 a prime number?
False
Is 1285887 prime?
False
Is 415417 a prime number?
False
Is 123781 a prime number?
False
Is 785 prime?
False
Is 44857 composite?
True
Is 611167 a composite number?
True
Is 223553 prime?
False
Is 813193 a composite number?
True
Is 581935 composite?
True
Is 3739061 a composite number?
False
Is 129707 prime?
True
Is 575537 prime?
False
Is 1190587 a composite number?
False
Is 453553 prime?
True
Is 679 a prime number?
False
Is 719 composite?
False
Is 4717 prime?
False
Is 115829 a prime number?
False
Is 28673 composite?
True
Is 14849 a composite number?
True
Is 444743 prime?
False
Is 765409 composite?
False
Is 541 composite?
False
Is 48017 a prime number?
True
Is 65083 a composite number?
True
Is 6067 prime?
True
Is 30389 a composite number?
False
Is 2746 a composite number?
True
Is 38953 prime?
True
Is 93799 prime?
False
Is 62657 a composite number?
True
Is 66403 a composite number?
False
Is 40345 a prime number?
False
Is 18433 prime?
True
Is 239263 a composite number?
False
Is 1733 a composite number?
False
Is 139813 a composite number?
False
Is 35269 a composite number?
True
Is 18701 composite?
False
Is 689999 a prime number?
False
Is 4561 prime?
True
Is 18119 a prime number?
True
Is 82